89631?
1386
What is the remainder when 60816372 is divided by 620?
572
Calculate the remainder when 10703740 is divided by 1088.
1084
What is the remainder when 41008120 is divided by 1430?
10
What is the remainder when 48729 is divided by 23476?
1777
What is the remainder when 16355 is divided by 2432?
1763
What is the remainder when 2055106 is divided by 146?
10
What is the remainder when 2036249 is divided by 185113?
6
What is the remainder when 1793846 is divided by 1533?
236
What is the remainder when 151528 is divided by 1045?
3
Calculate the remainder when 11463911 is divided by 318.
11
Calculate the remainder when 114973 is divided by 2874.
13
What is the remainder when 1076947 is divided by 402?
391
What is the remainder when 452941 is divided by 1086?
79
Calculate the remainder when 33047580 is divided by 317765.
20
Calculate the remainder when 304324587 is divided by 43.
42
What is the remainder when 3114642 is divided by 294?
6
Calculate the remainder when 32882539 is divided by 11.
8
Calculate the remainder when 4248135 is divided by 1169.
1158
Calculate the remainder when 19436696 is divided by 28.
20
Calculate the remainder when 249244 is divided by 1719.
1708
What is the remainder when 315926 is divided by 316?
242
Calculate the remainder when 3327094 is divided by 1109015.
49
What is the remainder when 485083 is divided by 351?
1
What is the remainder when 24006203 is divided by 2400620?
3
What is the remainder when 144146 is divided by 221?
54
Calculate the remainder when 1949188 is divided by 2829.
7
What is the remainder when 16717257 is divided by 1945?
1927
What is the remainder when 4143363 is divided by 831?
828
Calculate the remainder when 11075338 is divided by 2504.
146
What is the remainder when 507767687 is divided by 708?
707
What is the remainder when 37844621 is divided by 12614841?
98
Calculate the remainder when 134775 is divided by 209.
179
Calculate the remainder when 227392 is divided by 75177.
1861
Calculate the remainder when 320963 is divided by 511.
55
What is the remainder when 13294098 is divided by 1536?
18
Calculate the remainder when 2503870 is divided by 72.
70
What is the remainder when 90565 is divided by 9630?
3895
Calculate the remainder when 45731 is divided by 15128.
347
Calculate the remainder when 172285 is divided by 42838.
933
Calculate the remainder when 691051 is divided by 263.
150
What is the remainder when 18312042 is divided by 1723?
1721
What is the remainder when 333218567 is divided by 2381?
2379
What is the remainder when 278776 is divided by 25180?
1796
Calculate the remainder when 3020714 is divided by 4213.
4206
Calculate the remainder when 1211618 is divided by 97.
88
What is the remainder when 3281544 is divided by 1093839?
27
What is the remainder when 3389150 is divided by 423?
74
Calculate the remainder when 7980331 is divided by 55.
51
Calculate the remainder when 119081386 is divided by 38852.
6
What is the remainder when 465575 is divided by 104?
71
Calculate the remainder when 620604 is divided by 196.
68
Calculate the remainder when 99013439 is divided by 5440.
5439
What is the remainder when 4888953 is divided by 87?
75
Calculate the remainder when 12747899 is divided by 132.
131
Calculate the remainder when 3753199 is divided by 3412.
3411
What is the remainder when 1254163 is divided by 7421?
14
Calculate the remainder when 13217980 is divided by 116.
12
Calculate the remainder when 4832610 is divided by 16002.
6
Calculate the remainder when 7854590 is divided by 3310.
3270
Calculate the remainder when 26601430 is divided by 8867136.
22
Calculate the remainder when 2027317 is divided by 1199.
1007
What is the remainder when 3812443 is divided by 3705?
3703
Calculate the remainder when 3944782 is divided by 986107.
354
What is the remainder when 756066 is divided by 378020?
26
Calculate the remainder when 212051 is divided by 6626.
19
Calculate the remainder when 26761583 is divided by 104.
95
What is the remainder when 26545199 is divided by 3189?
3152
What is the remainder when 51565 is divided by 17187?
4
What is the remainder when 7819967 is divided by 2606652?
11
Calculate the remainder when 50648 is divided by 3531.
1214
What is the remainder when 3593808 is divided by 21?
15
Calculate the remainder when 586072 is divided by 4685.
447
Calculate the remainder when 27220 is divided by 123.
37
Calculate the remainder when 15856119 is divided by 109.
107
Calculate the remainder when 116734 is divided by 171.
112
Calculate the remainder when 128613 is divided by 3672.
93
What is the remainder when 319010 is divided by 106253?
251
What is the remainder when 2383159 is divided by 794334?
157
What is the remainder when 2172223 is divided by 176?
31
What is the remainder when 9276571 is divided by 427?
423
Calculate the remainder when 102825 is divided by 1270.
1225
What is the remainder when 2781693 is divided by 25?
18
Calculate the remainder when 65627 is divided by 19913.
5888
What is the remainder when 54376 is divided by 54?
52
What is the remainder when 2919482 is divided by 1427?
1267
Calculate the remainder when 440510 is divided by 110103.
98
Calculate the remainder when 902963 is divided by 1490.
23
Calculate the remainder when 216780742 is divided by 606.
604
What is the remainder when 551672 is divided by 551301?
371
Calculate the remainder when 19069861 is divided by 587.
579
What is the remainder when 25461165 is divided by 368?
349
Calculate the remainder when 798979 is divided by 3248.
3219
Calculate the remainder when 37262070 is divided by 8.
6
What is the remainder when 2419570 is divided by 7805?
20
Calculate the remainder when 914192 is divided by 456760.
672
Calculate the remainder when 4371436 is divided by 530.
526
Calculate the remainder when 131701 is divided by 868.
633
What is the remainder when 14377271 is divided by 88204?
19
Calculate the remainder when 8895383 is divided by 18228.
119
Calculate the remainder when 14286407 is divided by 25241.
1
What is the remainder when 3562592 is divided by 644?
628
Calculate the remainder when 174719 is divided by 181.
54
What is the remainder when 57804 is divided by 1405?
199
Calculate the remainder when 1388098 is divided by 530.
28
Calculate the remainder when 3639856 is divided by 259988.
24
Calculate the remainder when 201346 is divided by 41.
36
Calculate the remainder when 84045 is divided by 5832.
2397
Calculate the remainder when 163094 is divided by 27167.
92
What is the remainder when 706087 is divided by 100867?
18
What is the remainder when 882024 is divided by 33922?
52
What is the remainder when 1509561 is divided by 4994?
1373
What is the remainder when 43120746 is divided by 85?
76
What is the remainder when 4213503 is divided by 234083?
9
What is the remainder when 101588 is divided by 1271?
1179
What is the remainder when 2859547 is divided by 22?
9
Calculate the remainder when 2012326 is divided by 529.
10
What is the remainder when 1325756 is divided by 8665?
11
Calculate the remainder when 60973780 is divided by 1043.
0
What is the remainder when 2040132 is divided by 407942?
422
Calculate the remainder when 3581478 is divided by 314.
308
What is the remainder when 3558431 is divided by 606?
605
What is the remainder when 18449 is divided by 18406?
43
What is the remainder when 28788 is divided by 73?
26
What is the remainder when 164019 is divided by 3415?
99
Calculate the remainder when 105673777 is divided by 20.
17
What is the remainder when 531104 is divided by 177008?
80
What is the remainder when 497972 is divided by 55238?
830
Calculate the remainder when 15101 is divided by 3570.
821
What is the remainder when 1028991178 is divided by 42?
40
Calculate the remainder when 423835 is divided by 138747.
7594
Calculate the remainder when 6808114 is divided by 109808.
18
What is the remainder when 41570 is divided by 6897?
188
Calculate the remainder when 11613 is divided by 11363.
250
What is the remainder when 204253 is divided by 44?
5
Calculate the remainder when 4832993 is divided by 2178.
11
Calculate the remainder when 304445 is divided by 30440.
45
Calculate the remainder when 4400055 is divided by 48.
39
Calculate the remainder when 30717597 is divided by 103